{"id":217,"date":"2024-10-02T12:38:03","date_gmt":"2024-10-02T12:38:03","guid":{"rendered":"https:\/\/topesqui.es\/?page_id=217"},"modified":"2024-10-03T17:36:23","modified_gmt":"2024-10-03T17:36:23","slug":"clases-para-ninos","status":"publish","type":"page","link":"https:\/\/topesqui.es\/?page_id=217","title":{"rendered":"Clases para ni\u00f1os"},"content":{"rendered":"\n<p class=\"has-text-align-center\">\u00a1Bienvenidos a <strong>Top Esqu\u00ed<\/strong>, donde puedes disfrutar de las <strong>mejores clases<\/strong> de esqu\u00ed y snowboard!<\/p>\n\n\n\n<div class=\"wp-block-media-text is-stacked-on-mobile\" style=\"grid-template-columns:32% auto\"><figure class=\"wp-block-media-text__media\"><img loading=\"lazy\" decoding=\"async\" width=\"500\" height=\"500\" src=\"http:\/\/topesqui.es\/wp-content\/uploads\/2024\/10\/Clases-para-Ninos-Top-Esqui.png\" alt=\"\" class=\"wp-image-170 size-full\" srcset=\"https:\/\/topesqui.es\/wp-content\/uploads\/2024\/10\/Clases-para-Ninos-Top-Esqui.png 500w, https:\/\/topesqui.es\/wp-content\/uploads\/2024\/10\/Clases-para-Ninos-Top-Esqui-300x300.png 300w, https:\/\/topesqui.es\/wp-content\/uploads\/2024\/10\/Clases-para-Ninos-Top-Esqui-100x100.png 100w, https:\/\/topesqui.es\/wp-content\/uploads\/2024\/10\/Clases-para-Ninos-Top-Esqui-150x150.png 150w\" sizes=\"(max-width: 500px) 100vw, 500px\" \/><\/figure><div class=\"wp-block-media-text__content\">\n<p class=\"has-text-align-center\"><strong>Clases de esqu\u00ed para ni\u00f1os en Sierra Nevada<\/strong><\/p>\n\n\n\n<p class=\"has-text-align-center\">Disfruta de <strong>clases especializadas<\/strong> para que los m\u00e1s peques de la casa <strong>disfrutan al m\u00e1ximo<\/strong><\/p>\n\n\n\n<p class=\"has-text-align-center\">Con nuestros profesionales podr\u00e9is disfrutar, con la <strong>m\u00e1xima seguridad <\/strong>y confianza<\/p>\n<\/div><\/div>\n\n\n\n<div class=\"wp-block-columns is-layout-flex wp-container-core-columns-is-layout-1 wp-block-columns-is-layout-flex\">\n<div class=\"wp-block-column is-layout-flow wp-block-column-is-layout-flow\" style=\"flex-basis:66.66%\">\n<h3 class=\"wp-block-heading has-black-color has-text-color has-link-color wp-elements-a7fe79cea9d4134f6057518f8663e319\">Disfruta de las <mark style=\"background-color:rgba(0, 0, 0, 0)\" class=\"has-inline-color has-vivid-cyan-blue-color\">mejores clases<\/mark> de esqu\u00ed en Sierra Nevada adaptadas para los m\u00e1s peques<\/h3>\n\n\n\n<div id=\"wp-block-themeisle-blocks-icon-list-64196834\" class=\"wp-block-themeisle-blocks-icon-list\">\n<div id=\"wp-block-themeisle-blocks-icon-list-item-e36645f9\" class=\"wp-block-themeisle-blocks-icon-list-item\"><i class=\"fas fa-check wp-block-themeisle-blocks-icon-list-item-icon\"><\/i><p class=\"wp-block-themeisle-blocks-icon-list-item-content\">Elige la duraci\u00f3n de tu clase<\/p><\/div>\n\n\n\n<div id=\"wp-block-themeisle-blocks-icon-list-item-ad334001\" class=\"wp-block-themeisle-blocks-icon-list-item\"><i class=\"fas fa-check wp-block-themeisle-blocks-icon-list-item-icon\"><\/i><p class=\"wp-block-themeisle-blocks-icon-list-item-content\">Recursos y metodolog\u00eda especializada para que los m\u00e1s peques se diviertan al m\u00e1ximo<\/p><\/div>\n\n\n\n<div id=\"wp-block-themeisle-blocks-icon-list-item-473f796c\" class=\"wp-block-themeisle-blocks-icon-list-item\"><i class=\"fas fa-check wp-block-themeisle-blocks-icon-list-item-icon\"><\/i><p class=\"wp-block-themeisle-blocks-icon-list-item-content\">Clases privadas para poder garantizar la mayor calidad <\/p><\/div>\n\n\n\n<div id=\"wp-block-themeisle-blocks-icon-list-item-7a9360c6\" class=\"wp-block-themeisle-blocks-icon-list-item\"><i class=\"fas fa-check wp-block-themeisle-blocks-icon-list-item-icon\"><\/i><p class=\"wp-block-themeisle-blocks-icon-list-item-content\">Tu eliges los d\u00edas y la hora<\/p><\/div>\n\n\n\n<div id=\"wp-block-themeisle-blocks-icon-list-item-0484eb71\" class=\"wp-block-themeisle-blocks-icon-list-item\"><i class=\"fas fa-check wp-block-themeisle-blocks-icon-list-item-icon\"><\/i><p class=\"wp-block-themeisle-blocks-icon-list-item-content\">Monitores titulados y con experiencia<\/p><\/div>\n<\/div>\n\n\n\n<div class=\"wp-block-uagb-icon-list uagb-block-512943c2\"><div class=\"uagb-icon-list__wrap\">\n<div class=\"wp-block-uagb-icon-list-child uagb-block-0751f25e\"><span class=\"uagb-icon-list__source-wrap\"><svg xmlns=\"https:\/\/www.w3.org\/2000\/svg\" viewBox=\"0 0 384 512\"><path d=\"M112.1 454.3c0 6.297 1.816 12.44 5.284 17.69l17.14 25.69c5.25 7.875 17.17 14.28 26.64 14.28h61.67c9.438 0 21.36-6.401 26.61-14.28l17.08-25.68c2.938-4.438 5.348-12.37 5.348-17.7L272 415.1h-160L112.1 454.3zM191.4 .0132C89.44 .3257 16 82.97 16 175.1c0 44.38 16.44 84.84 43.56 115.8c16.53 18.84 42.34 58.23 52.22 91.45c.0313 .25 .0938 .5166 .125 .7823h160.2c.0313-.2656 .0938-.5166 .125-.7823c9.875-33.22 35.69-72.61 52.22-91.45C351.6 260.8 368 220.4 368 175.1C368 78.61 288.9-.2837 191.4 .0132zM192 96.01c-44.13 0-80 35.89-80 79.1C112 184.8 104.8 192 96 192S80 184.8 80 176c0-61.76 50.25-111.1 112-111.1c8.844 0 16 7.159 16 16S200.8 96.01 192 96.01z\"><\/path><\/svg><\/span><span class=\"uagb-icon-list__label\">Recuerda que podr\u00e1s reservar con nosotros tu equipo, tu forfait y tu seguro de cancelaciones<\/span><\/div>\n<\/div><\/div>\n<\/div>\n\n\n\n<div class=\"wp-block-column is-layout-flow wp-block-column-is-layout-flow\" style=\"flex-basis:33.33%\">\n<div class=\"wp-block-uagb-buttons uagb-buttons__outer-wrap uagb-btn__default-btn uagb-btn-tablet__default-btn uagb-btn-mobile__default-btn uagb-block-309a55cc\"><div class=\"uagb-buttons__wrap uagb-buttons-layout-wrap \">\n<div class=\"wp-block-uagb-buttons-child uagb-buttons__outer-wrap uagb-block-01dc70d7 wp-block-button\"><div class=\"uagb-button__wrapper\"><a class=\"uagb-buttons-repeater wp-block-button__link\" aria-label=\"\" href=\"https:\/\/topesqui.es\/?page_id=271\" rel=\"follow noopener\" target=\"_self\" role=\"button\"><div class=\"uagb-button__link\">Ver tarifas<\/div><span class=\"uagb-button__icon uagb-button__icon-position-after\"><svg xmlns=\"https:\/\/www.w3.org\/2000\/svg\" viewBox=\"0 0 448 512\" aria-hidden=\"true\" focussable=\"false\"><path d=\"M438.6 278.6l-160 160C272.4 444.9 264.2 448 256 448s-16.38-3.125-22.62-9.375c-12.5-12.5-12.5-32.75 0-45.25L338.8 288H32C14.33 288 .0016 273.7 .0016 256S14.33 224 32 224h306.8l-105.4-105.4c-12.5-12.5-12.5-32.75 0-45.25s32.75-12.5 45.25 0l160 160C451.1 245.9 451.1 266.1 438.6 278.6z\"><\/path><\/svg><\/span><\/a><\/div><\/div>\n<\/div><\/div>\n\n\n\n<div class=\"wp-block-uagb-separator uagb-block-d30b433a\"><div class=\"wp-block-uagb-separator__inner\" style=\"--my-background-image:\"><\/div><\/div>\n\n\n\n<div class=\"wp-block-uagb-buttons uagb-buttons__outer-wrap uagb-btn__default-btn uagb-btn-tablet__default-btn uagb-btn-mobile__default-btn uagb-block-670775f8\"><div class=\"uagb-buttons__wrap uagb-buttons-layout-wrap \">\n<div class=\"wp-block-uagb-buttons-child uagb-buttons__outer-wrap uagb-block-1b22faef wp-block-button\"><div class=\"uagb-button__wrapper\"><a class=\"uagb-buttons-repeater wp-block-button__link\" aria-label=\"\" href=\"https:\/\/topesqui.es\/?page_id=280\" rel=\"follow noopener\" target=\"_self\" role=\"button\"><div class=\"uagb-button__link\">Ver niveles<\/div><span class=\"uagb-button__icon uagb-button__icon-position-after\"><svg xmlns=\"https:\/\/www.w3.org\/2000\/svg\" viewBox=\"0 0 448 512\" aria-hidden=\"true\" focussable=\"false\"><path d=\"M438.6 278.6l-160 160C272.4 444.9 264.2 448 256 448s-16.38-3.125-22.62-9.375c-12.5-12.5-12.5-32.75 0-45.25L338.8 288H32C14.33 288 .0016 273.7 .0016 256S14.33 224 32 224h306.8l-105.4-105.4c-12.5-12.5-12.5-32.75 0-45.25s32.75-12.5 45.25 0l160 160C451.1 245.9 451.1 266.1 438.6 278.6z\"><\/path><\/svg><\/span><\/a><\/div><\/div>\n<\/div><\/div>\n\n\n\n<div class=\"wp-block-uagb-separator uagb-block-055d4e1f\"><div class=\"wp-block-uagb-separator__inner\" style=\"--my-background-image:\"><\/div><\/div>\n\n\n\n<h3 class=\"wp-block-heading has-text-align-center\">Precios desde <mark style=\"background-color:rgba(0, 0, 0, 0)\" class=\"has-inline-color has-vivid-cyan-blue-color\">45\u20ac p.p.<\/mark><\/h3>\n<\/div>\n<\/div>\n\n\n\n<h2 class=\"wp-block-heading has-text-align-center\">Haz tu reserva ya!<\/h2>\n\n\n\n<p class=\"has-text-align-center\">Disfruta de las mejores clases de esqu\u00ed para ni\u00f1os en <strong>Sierra Nevada<\/strong><\/p>\n\n\n\n<div class=\"wp-block-uagb-buttons uagb-buttons__outer-wrap uagb-btn__default-btn uagb-btn-tablet__default-btn uagb-btn-mobile__default-btn uagb-block-ff63f7ab\"><div class=\"uagb-buttons__wrap uagb-buttons-layout-wrap \">\n<div class=\"wp-block-uagb-buttons-child uagb-buttons__outer-wrap uagb-block-9e51ae50 wp-block-button\"><div class=\"uagb-button__wrapper\"><a class=\"uagb-buttons-repeater wp-block-button__link\" aria-label=\"\" href=\"#\" rel=\"follow noopener\" target=\"_self\" role=\"button\"><div class=\"uagb-button__link\">Reserva aqu\u00ed<\/div><span class=\"uagb-button__icon uagb-button__icon-position-after\"><svg xmlns=\"https:\/\/www.w3.org\/2000\/svg\" viewBox=\"0 0 448 512\" aria-hidden=\"true\" focussable=\"false\"><path d=\"M438.6 278.6l-160 160C272.4 444.9 264.2 448 256 448s-16.38-3.125-22.62-9.375c-12.5-12.5-12.5-32.75 0-45.25L338.8 288H32C14.33 288 .0016 273.7 .0016 256S14.33 224 32 224h306.8l-105.4-105.4c-12.5-12.5-12.5-32.75 0-45.25s32.75-12.5 45.25 0l160 160C451.1 245.9 451.1 266.1 438.6 278.6z\"><\/path><\/svg><\/span><\/a><\/div><\/div>\n<\/div><\/div>\n","protected":false},"excerpt":{"rendered":"<p>\u00a1Bienvenidos a Top Esqu\u00ed, donde puedes disfrutar de las mejores clases de esqu\u00ed y snowboard! Clases de esqu\u00ed para ni\u00f1os en Sierra Nevada Disfruta de clases especializadas para que los m\u00e1s peques de la casa disfrutan al m\u00e1ximo Con nuestros profesionales podr\u00e9is disfrutar, con la m\u00e1xima seguridad y confianza Disfruta de las mejores clases de [&hellip;]<\/p>\n","protected":false},"author":1,"featured_media":0,"parent":0,"menu_order":0,"comment_status":"closed","ping_status":"closed","template":"page-templates\/page-full-width.php","meta":{"_uag_custom_page_level_css":"","footnotes":""},"class_list":["post-217","page","type-page","status-publish","hentry"],"yoast_head":"<!-- This site is optimized with the Yoast SEO plugin v24.5 - https:\/\/yoast.com\/wordpress\/plugins\/seo\/ -->\n<title>Clases para ni\u00f1os - TopEsqui<\/title>\n<meta name=\"description\" content=\"Disfruta de las mejores clases de Esqui de Sierra Nevada, desde 45\u20ac la clase privada. Disfruta con Top Esqui\" \/>\n<meta name=\"robots\" content=\"index, follow, max-snippet:-1, max-image-preview:large, max-video-preview:-1\" \/>\n<link rel=\"canonical\" href=\"https:\/\/topesqui.es\/?page_id=217\" \/>\n<meta property=\"og:locale\" content=\"es_ES\" \/>\n<meta property=\"og:type\" content=\"article\" \/>\n<meta property=\"og:title\" content=\"Clases para ni\u00f1os - TopEsqui\" \/>\n<meta property=\"og:description\" content=\"Disfruta de las mejores clases de Esqui de Sierra Nevada, desde 45\u20ac la clase privada. Disfruta con Top Esqui\" \/>\n<meta property=\"og:url\" content=\"https:\/\/topesqui.es\/?page_id=217\" \/>\n<meta property=\"og:site_name\" content=\"TopEsqui\" \/>\n<meta property=\"article:modified_time\" content=\"2024-10-03T17:36:23+00:00\" \/>\n<meta property=\"og:image\" content=\"http:\/\/topesqui.es\/wp-content\/uploads\/2024\/10\/Clases-para-Ninos-Top-Esqui.png\" \/>\n<meta name=\"twitter:card\" content=\"summary_large_image\" \/>\n<script type=\"application\/ld+json\" class=\"yoast-schema-graph\">{\"@context\":\"https:\/\/schema.org\",\"@graph\":[{\"@type\":\"WebPage\",\"@id\":\"https:\/\/topesqui.es\/?page_id=217\",\"url\":\"https:\/\/topesqui.es\/?page_id=217\",\"name\":\"Clases para ni\u00f1os - TopEsqui\",\"isPartOf\":{\"@id\":\"https:\/\/topesqui.es\/#website\"},\"primaryImageOfPage\":{\"@id\":\"https:\/\/topesqui.es\/?page_id=217#primaryimage\"},\"image\":{\"@id\":\"https:\/\/topesqui.es\/?page_id=217#primaryimage\"},\"thumbnailUrl\":\"http:\/\/topesqui.es\/wp-content\/uploads\/2024\/10\/Clases-para-Ninos-Top-Esqui.png\",\"datePublished\":\"2024-10-02T12:38:03+00:00\",\"dateModified\":\"2024-10-03T17:36:23+00:00\",\"description\":\"Disfruta de las mejores clases de Esqui de Sierra Nevada, desde 45\u20ac la clase privada. Disfruta con Top Esqui\",\"breadcrumb\":{\"@id\":\"https:\/\/topesqui.es\/?page_id=217#breadcrumb\"},\"inLanguage\":\"es\",\"potentialAction\":[{\"@type\":\"ReadAction\",\"target\":[\"https:\/\/topesqui.es\/?page_id=217\"]}]},{\"@type\":\"ImageObject\",\"inLanguage\":\"es\",\"@id\":\"https:\/\/topesqui.es\/?page_id=217#primaryimage\",\"url\":\"https:\/\/topesqui.es\/wp-content\/uploads\/2024\/10\/Clases-para-Ninos-Top-Esqui.png\",\"contentUrl\":\"https:\/\/topesqui.es\/wp-content\/uploads\/2024\/10\/Clases-para-Ninos-Top-Esqui.png\",\"width\":500,\"height\":500},{\"@type\":\"BreadcrumbList\",\"@id\":\"https:\/\/topesqui.es\/?page_id=217#breadcrumb\",\"itemListElement\":[{\"@type\":\"ListItem\",\"position\":1,\"name\":\"Home\",\"item\":\"https:\/\/topesqui.es\/\"},{\"@type\":\"ListItem\",\"position\":2,\"name\":\"Clases para ni\u00f1os\"}]},{\"@type\":\"WebSite\",\"@id\":\"https:\/\/topesqui.es\/#website\",\"url\":\"https:\/\/topesqui.es\/\",\"name\":\"TopEsqui\",\"description\":\"Clases de esqu\u00ed y snowboard en Sierra Nevada\",\"publisher\":{\"@id\":\"https:\/\/topesqui.es\/#organization\"},\"potentialAction\":[{\"@type\":\"SearchAction\",\"target\":{\"@type\":\"EntryPoint\",\"urlTemplate\":\"https:\/\/topesqui.es\/?s={search_term_string}\"},\"query-input\":{\"@type\":\"PropertyValueSpecification\",\"valueRequired\":true,\"valueName\":\"search_term_string\"}}],\"inLanguage\":\"es\"},{\"@type\":\"Organization\",\"@id\":\"https:\/\/topesqui.es\/#organization\",\"name\":\"TopEsqui\",\"url\":\"https:\/\/topesqui.es\/\",\"logo\":{\"@type\":\"ImageObject\",\"inLanguage\":\"es\",\"@id\":\"https:\/\/topesqui.es\/#\/schema\/logo\/image\/\",\"url\":\"https:\/\/topesqui.es\/wp-content\/uploads\/2024\/09\/cropped-cropped-Logo-TopEsqui.png\",\"contentUrl\":\"https:\/\/topesqui.es\/wp-content\/uploads\/2024\/09\/cropped-cropped-Logo-TopEsqui.png\",\"width\":500,\"height\":238,\"caption\":\"TopEsqui\"},\"image\":{\"@id\":\"https:\/\/topesqui.es\/#\/schema\/logo\/image\/\"}}]}<\/script>\n<!-- \/ Yoast SEO plugin. -->","yoast_head_json":{"title":"Clases para ni\u00f1os - TopEsqui","description":"Disfruta de las mejores clases de Esqui de Sierra Nevada, desde 45\u20ac la clase privada. Disfruta con Top Esqui","robots":{"index":"index","follow":"follow","max-snippet":"max-snippet:-1","max-image-preview":"max-image-preview:large","max-video-preview":"max-video-preview:-1"},"canonical":"https:\/\/topesqui.es\/?page_id=217","og_locale":"es_ES","og_type":"article","og_title":"Clases para ni\u00f1os - TopEsqui","og_description":"Disfruta de las mejores clases de Esqui de Sierra Nevada, desde 45\u20ac la clase privada. Disfruta con Top Esqui","og_url":"https:\/\/topesqui.es\/?page_id=217","og_site_name":"TopEsqui","article_modified_time":"2024-10-03T17:36:23+00:00","og_image":[{"url":"http:\/\/topesqui.es\/wp-content\/uploads\/2024\/10\/Clases-para-Ninos-Top-Esqui.png","type":"","width":"","height":""}],"twitter_card":"summary_large_image","schema":{"@context":"https:\/\/schema.org","@graph":[{"@type":"WebPage","@id":"https:\/\/topesqui.es\/?page_id=217","url":"https:\/\/topesqui.es\/?page_id=217","name":"Clases para ni\u00f1os - TopEsqui","isPartOf":{"@id":"https:\/\/topesqui.es\/#website"},"primaryImageOfPage":{"@id":"https:\/\/topesqui.es\/?page_id=217#primaryimage"},"image":{"@id":"https:\/\/topesqui.es\/?page_id=217#primaryimage"},"thumbnailUrl":"http:\/\/topesqui.es\/wp-content\/uploads\/2024\/10\/Clases-para-Ninos-Top-Esqui.png","datePublished":"2024-10-02T12:38:03+00:00","dateModified":"2024-10-03T17:36:23+00:00","description":"Disfruta de las mejores clases de Esqui de Sierra Nevada, desde 45\u20ac la clase privada. Disfruta con Top Esqui","breadcrumb":{"@id":"https:\/\/topesqui.es\/?page_id=217#breadcrumb"},"inLanguage":"es","potentialAction":[{"@type":"ReadAction","target":["https:\/\/topesqui.es\/?page_id=217"]}]},{"@type":"ImageObject","inLanguage":"es","@id":"https:\/\/topesqui.es\/?page_id=217#primaryimage","url":"https:\/\/topesqui.es\/wp-content\/uploads\/2024\/10\/Clases-para-Ninos-Top-Esqui.png","contentUrl":"https:\/\/topesqui.es\/wp-content\/uploads\/2024\/10\/Clases-para-Ninos-Top-Esqui.png","width":500,"height":500},{"@type":"BreadcrumbList","@id":"https:\/\/topesqui.es\/?page_id=217#breadcrumb","itemListElement":[{"@type":"ListItem","position":1,"name":"Home","item":"https:\/\/topesqui.es\/"},{"@type":"ListItem","position":2,"name":"Clases para ni\u00f1os"}]},{"@type":"WebSite","@id":"https:\/\/topesqui.es\/#website","url":"https:\/\/topesqui.es\/","name":"TopEsqui","description":"Clases de esqu\u00ed y snowboard en Sierra Nevada","publisher":{"@id":"https:\/\/topesqui.es\/#organization"},"potentialAction":[{"@type":"SearchAction","target":{"@type":"EntryPoint","urlTemplate":"https:\/\/topesqui.es\/?s={search_term_string}"},"query-input":{"@type":"PropertyValueSpecification","valueRequired":true,"valueName":"search_term_string"}}],"inLanguage":"es"},{"@type":"Organization","@id":"https:\/\/topesqui.es\/#organization","name":"TopEsqui","url":"https:\/\/topesqui.es\/","logo":{"@type":"ImageObject","inLanguage":"es","@id":"https:\/\/topesqui.es\/#\/schema\/logo\/image\/","url":"https:\/\/topesqui.es\/wp-content\/uploads\/2024\/09\/cropped-cropped-Logo-TopEsqui.png","contentUrl":"https:\/\/topesqui.es\/wp-content\/uploads\/2024\/09\/cropped-cropped-Logo-TopEsqui.png","width":500,"height":238,"caption":"TopEsqui"},"image":{"@id":"https:\/\/topesqui.es\/#\/schema\/logo\/image\/"}}]}},"uagb_featured_image_src":{"full":false,"thumbnail":false,"medium":false,"medium_large":false,"large":false,"1536x1536":false,"2048x2048":false,"mailpoet_newsletter_max":false},"uagb_author_info":{"display_name":"topesqui.es","author_link":"https:\/\/topesqui.es\/?author=1"},"uagb_comment_info":0,"uagb_excerpt":"\u00a1Bienvenidos a Top Esqu\u00ed, donde puedes disfrutar de las mejores clases de esqu\u00ed y snowboard! Clases de esqu\u00ed para ni\u00f1os en Sierra Nevada Disfruta de clases especializadas para que los m\u00e1s peques de la casa disfrutan al m\u00e1ximo Con nuestros profesionales podr\u00e9is disfrutar, con la m\u00e1xima seguridad y confianza Disfruta de las mejores clases de&hellip;","_links":{"self":[{"href":"https:\/\/topesqui.es\/index.php?rest_route=\/wp\/v2\/pages\/217","targetHints":{"allow":["GET"]}}],"collection":[{"href":"https:\/\/topesqui.es\/index.php?rest_route=\/wp\/v2\/pages"}],"about":[{"href":"https:\/\/topesqui.es\/index.php?rest_route=\/wp\/v2\/types\/page"}],"author":[{"embeddable":true,"href":"https:\/\/topesqui.es\/index.php?rest_route=\/wp\/v2\/users\/1"}],"replies":[{"embeddable":true,"href":"https:\/\/topesqui.es\/index.php?rest_route=%2Fwp%2Fv2%2Fcomments&post=217"}],"version-history":[{"count":6,"href":"https:\/\/topesqui.es\/index.php?rest_route=\/wp\/v2\/pages\/217\/revisions"}],"predecessor-version":[{"id":284,"href":"https:\/\/topesqui.es\/index.php?rest_route=\/wp\/v2\/pages\/217\/revisions\/284"}],"wp:attachment":[{"href":"https:\/\/topesqui.es\/index.php?rest_route=%2Fwp%2Fv2%2Fmedia&parent=217"}],"curies":[{"name":"wp","href":"https:\/\/api.w.org\/{rel}","templated":true}]}}