{"id":280,"date":"2024-10-03T17:35:14","date_gmt":"2024-10-03T17:35:14","guid":{"rendered":"https:\/\/topesqui.es\/?page_id=280"},"modified":"2024-10-03T17:35:15","modified_gmt":"2024-10-03T17:35:15","slug":"que-nivel-de-esqui-tengo","status":"publish","type":"page","link":"https:\/\/topesqui.es\/?page_id=280","title":{"rendered":"\u00bfQue nivel de esqu\u00ed tengo?"},"content":{"rendered":"\n<p class=\"has-text-align-center\">Es muy importante conocerse a uno mismo y saber que nivel tenemos tanto de esqu\u00ed como de snowboard, tanto para nosotros mismos como para poder facilitar esta informaci\u00f3n al profesor y que tenga una sesi\u00f3n planificada que se adapte a cada nivel.<\/p>\n\n\n\n<p class=\"has-text-align-center\">Comprueba tus logros con la siguiente tabla y podr\u00e1s descubrir qu\u00e9 nivel tienes<\/p>\n\n\n\n<figure class=\"wp-block-table is-style-stripes\"><table class=\"has-fixed-layout\"><tbody><tr><td><\/td><td><strong>NIVEL<\/strong><\/td><td class=\"has-text-align-center\" data-align=\"center\"><strong>PISTA<\/strong><\/td><td class=\"has-text-align-center\" data-align=\"center\"><strong>ESQU\u00cd<\/strong><\/td><td class=\"has-text-align-center\" data-align=\"center\"><strong>SNOWBOARD<\/strong><\/td><\/tr><tr><td>O<\/td><td>Nivel O<\/td><td class=\"has-text-align-center\" data-align=\"center\"><strong><mark style=\"background-color:rgba(0, 0, 0, 0)\" class=\"has-inline-color has-vivid-green-cyan-color\">Debutantes\/ Verdes<\/mark><\/strong><\/td><td class=\"has-text-align-center\" data-align=\"center\">Nunca he esquiado quiero aprender<\/td><td class=\"has-text-align-center\" data-align=\"center\"> Es mi primera vez<br> Consigo mantener el equilibrio<\/td><\/tr><tr><td>A<\/td><td>Nivel A<\/td><td class=\"has-text-align-center\" data-align=\"center\"><strong><mark style=\"background-color:rgba(0, 0, 0, 0)\" class=\"has-inline-color has-vivid-green-cyan-color\">Verde<\/mark><\/strong><\/td><td class=\"has-text-align-center\" data-align=\"center\">Frenar en cu\u00f1a<\/td><td class=\"has-text-align-center\" data-align=\"center\">Controlar la velocidad derrapando<\/td><\/tr><tr><td>B<\/td><td>Nivel B<\/td><td class=\"has-text-align-center\" data-align=\"center\"><strong><mark style=\"background-color:rgba(0, 0, 0, 0)\" class=\"has-inline-color has-vivid-green-cyan-color\">Verde<\/mark><\/strong><\/td><td class=\"has-text-align-center\" data-align=\"center\">Controlo mi velocidad en giros en cu\u00f1a<\/td><td class=\"has-text-align-center\" data-align=\"center\">Controlo mi trayectoria derrapando<\/td><\/tr><tr><td>B+<\/td><td>Nivel B+<\/td><td class=\"has-text-align-center\" data-align=\"center\"><strong><mark style=\"background-color:rgba(0, 0, 0, 0)\" class=\"has-inline-color has-vivid-cyan-blue-color\">Azul<\/mark><\/strong><\/td><td class=\"has-text-align-center\" data-align=\"center\">Realizo giros en cu\u00f1a en pistas azules terminando en paralelo<\/td><td class=\"has-text-align-center\" data-align=\"center\">Comienza a realizar virajes <\/td><\/tr><tr><td>C<\/td><td>Nivel C<\/td><td class=\"has-text-align-center\" data-align=\"center\">Azul<\/td><td class=\"has-text-align-center\" data-align=\"center\">Realizo virajes en cu\u00f1a terminando en paralelo<br>Inicio mis primeros derrapes controlados<\/td><td class=\"has-text-align-center\" data-align=\"center\">Realizo virajes hacia ambos lados derrapando<\/td><\/tr><tr><td>C+<\/td><td>Nivel C+<\/td><td class=\"has-text-align-center\" data-align=\"center\"><strong><mark style=\"background-color:rgba(0, 0, 0, 0)\" class=\"has-inline-color has-vivid-cyan-blue-color\">Azul<\/mark><\/strong><\/td><td class=\"has-text-align-center\" data-align=\"center\">Encaden\u00f3 virajes<br>Aplic\u00f3 paralelo temprano en la curva<br>Esqu\u00edo en terrenos variados<br>Derrape fino (base)<\/td><td class=\"has-text-align-center\" data-align=\"center\">Comienzo a utilizar los cantos<\/td><\/tr><tr><td>D<\/td><td>Nivel D<\/td><td class=\"has-text-align-center\" data-align=\"center\"><strong><mark style=\"background-color:rgba(0, 0, 0, 0)\" class=\"has-inline-color has-vivid-red-color\">Rojo<\/mark><\/strong><\/td><td class=\"has-text-align-center\" data-align=\"center\">Bajo pistas rojas en paralelo elemental<\/td><td class=\"has-text-align-center\" data-align=\"center\">Conduzco sobre el canto, acabando los virajes<\/td><\/tr><tr><td>E<\/td><td>Nivel E<\/td><td class=\"has-text-align-center\" data-align=\"center\"><strong>Negro<\/strong><\/td><td class=\"has-text-align-center\" data-align=\"center\">Bajo pistas rojas en paralelo perfeccionado<\/td><td class=\"has-text-align-center\" data-align=\"center\">Conduzco con seguridad por todas las pistas <\/td><\/tr><\/tbody><\/table><\/figure>\n\n\n\n<p><\/p>\n","protected":false},"excerpt":{"rendered":"<p>Es muy importante conocerse a uno mismo y saber que nivel tenemos tanto de esqu\u00ed como de snowboard, tanto para nosotros mismos como para poder facilitar esta informaci\u00f3n al profesor y que tenga una sesi\u00f3n planificada que se adapte a cada nivel. Comprueba tus logros con la siguiente tabla y podr\u00e1s descubrir qu\u00e9 nivel tienes [&hellip;]<\/p>\n","protected":false},"author":1,"featured_media":0,"parent":0,"menu_order":0,"comment_status":"closed","ping_status":"closed","template":"","meta":{"_uag_custom_page_level_css":"","footnotes":""},"class_list":["post-280","page","type-page","status-publish","hentry"],"yoast_head":"<!-- This site is optimized with the Yoast SEO plugin v24.5 - https:\/\/yoast.com\/wordpress\/plugins\/seo\/ -->\n<title>\u00bfQue nivel de esqu\u00ed tengo? - TopEsqui<\/title>\n<meta name=\"robots\" content=\"index, follow, max-snippet:-1, max-image-preview:large, max-video-preview:-1\" \/>\n<link rel=\"canonical\" href=\"https:\/\/topesqui.es\/?page_id=280\" \/>\n<meta property=\"og:locale\" content=\"es_ES\" \/>\n<meta property=\"og:type\" content=\"article\" \/>\n<meta property=\"og:title\" content=\"\u00bfQue nivel de esqu\u00ed tengo? - TopEsqui\" \/>\n<meta property=\"og:description\" content=\"Es muy importante conocerse a uno mismo y saber que nivel tenemos tanto de esqu\u00ed como de snowboard, tanto para nosotros mismos como para poder facilitar esta informaci\u00f3n al profesor y que tenga una sesi\u00f3n planificada que se adapte a cada nivel. Comprueba tus logros con la siguiente tabla y podr\u00e1s descubrir qu\u00e9 nivel tienes [&hellip;]\" \/>\n<meta property=\"og:url\" content=\"https:\/\/topesqui.es\/?page_id=280\" \/>\n<meta property=\"og:site_name\" content=\"TopEsqui\" \/>\n<meta property=\"article:modified_time\" content=\"2024-10-03T17:35:15+00:00\" \/>\n<meta name=\"twitter:card\" content=\"summary_large_image\" \/>\n<meta name=\"twitter:label1\" content=\"Tiempo de lectura\" \/>\n\t<meta name=\"twitter:data1\" content=\"1 minuto\" \/>\n<script type=\"application\/ld+json\" class=\"yoast-schema-graph\">{\"@context\":\"https:\/\/schema.org\",\"@graph\":[{\"@type\":\"WebPage\",\"@id\":\"https:\/\/topesqui.es\/?page_id=280\",\"url\":\"https:\/\/topesqui.es\/?page_id=280\",\"name\":\"\u00bfQue nivel de esqu\u00ed tengo? - TopEsqui\",\"isPartOf\":{\"@id\":\"https:\/\/topesqui.es\/#website\"},\"datePublished\":\"2024-10-03T17:35:14+00:00\",\"dateModified\":\"2024-10-03T17:35:15+00:00\",\"breadcrumb\":{\"@id\":\"https:\/\/topesqui.es\/?page_id=280#breadcrumb\"},\"inLanguage\":\"es\",\"potentialAction\":[{\"@type\":\"ReadAction\",\"target\":[\"https:\/\/topesqui.es\/?page_id=280\"]}]},{\"@type\":\"BreadcrumbList\",\"@id\":\"https:\/\/topesqui.es\/?page_id=280#breadcrumb\",\"itemListElement\":[{\"@type\":\"ListItem\",\"position\":1,\"name\":\"Home\",\"item\":\"https:\/\/topesqui.es\/\"},{\"@type\":\"ListItem\",\"position\":2,\"name\":\"\u00bfQue nivel de esqu\u00ed tengo?\"}]},{\"@type\":\"WebSite\",\"@id\":\"https:\/\/topesqui.es\/#website\",\"url\":\"https:\/\/topesqui.es\/\",\"name\":\"TopEsqui\",\"description\":\"Clases de esqu\u00ed y snowboard en Sierra Nevada\",\"publisher\":{\"@id\":\"https:\/\/topesqui.es\/#organization\"},\"potentialAction\":[{\"@type\":\"SearchAction\",\"target\":{\"@type\":\"EntryPoint\",\"urlTemplate\":\"https:\/\/topesqui.es\/?s={search_term_string}\"},\"query-input\":{\"@type\":\"PropertyValueSpecification\",\"valueRequired\":true,\"valueName\":\"search_term_string\"}}],\"inLanguage\":\"es\"},{\"@type\":\"Organization\",\"@id\":\"https:\/\/topesqui.es\/#organization\",\"name\":\"TopEsqui\",\"url\":\"https:\/\/topesqui.es\/\",\"logo\":{\"@type\":\"ImageObject\",\"inLanguage\":\"es\",\"@id\":\"https:\/\/topesqui.es\/#\/schema\/logo\/image\/\",\"url\":\"https:\/\/topesqui.es\/wp-content\/uploads\/2024\/09\/cropped-cropped-Logo-TopEsqui.png\",\"contentUrl\":\"https:\/\/topesqui.es\/wp-content\/uploads\/2024\/09\/cropped-cropped-Logo-TopEsqui.png\",\"width\":500,\"height\":238,\"caption\":\"TopEsqui\"},\"image\":{\"@id\":\"https:\/\/topesqui.es\/#\/schema\/logo\/image\/\"}}]}<\/script>\n<!-- \/ Yoast SEO plugin. -->","yoast_head_json":{"title":"\u00bfQue nivel de esqu\u00ed tengo? - TopEsqui","robots":{"index":"index","follow":"follow","max-snippet":"max-snippet:-1","max-image-preview":"max-image-preview:large","max-video-preview":"max-video-preview:-1"},"canonical":"https:\/\/topesqui.es\/?page_id=280","og_locale":"es_ES","og_type":"article","og_title":"\u00bfQue nivel de esqu\u00ed tengo? - TopEsqui","og_description":"Es muy importante conocerse a uno mismo y saber que nivel tenemos tanto de esqu\u00ed como de snowboard, tanto para nosotros mismos como para poder facilitar esta informaci\u00f3n al profesor y que tenga una sesi\u00f3n planificada que se adapte a cada nivel. Comprueba tus logros con la siguiente tabla y podr\u00e1s descubrir qu\u00e9 nivel tienes [&hellip;]","og_url":"https:\/\/topesqui.es\/?page_id=280","og_site_name":"TopEsqui","article_modified_time":"2024-10-03T17:35:15+00:00","twitter_card":"summary_large_image","twitter_misc":{"Tiempo de lectura":"1 minuto"},"schema":{"@context":"https:\/\/schema.org","@graph":[{"@type":"WebPage","@id":"https:\/\/topesqui.es\/?page_id=280","url":"https:\/\/topesqui.es\/?page_id=280","name":"\u00bfQue nivel de esqu\u00ed tengo? - TopEsqui","isPartOf":{"@id":"https:\/\/topesqui.es\/#website"},"datePublished":"2024-10-03T17:35:14+00:00","dateModified":"2024-10-03T17:35:15+00:00","breadcrumb":{"@id":"https:\/\/topesqui.es\/?page_id=280#breadcrumb"},"inLanguage":"es","potentialAction":[{"@type":"ReadAction","target":["https:\/\/topesqui.es\/?page_id=280"]}]},{"@type":"BreadcrumbList","@id":"https:\/\/topesqui.es\/?page_id=280#breadcrumb","itemListElement":[{"@type":"ListItem","position":1,"name":"Home","item":"https:\/\/topesqui.es\/"},{"@type":"ListItem","position":2,"name":"\u00bfQue nivel de esqu\u00ed tengo?"}]},{"@type":"WebSite","@id":"https:\/\/topesqui.es\/#website","url":"https:\/\/topesqui.es\/","name":"TopEsqui","description":"Clases de esqu\u00ed y snowboard en Sierra Nevada","publisher":{"@id":"https:\/\/topesqui.es\/#organization"},"potentialAction":[{"@type":"SearchAction","target":{"@type":"EntryPoint","urlTemplate":"https:\/\/topesqui.es\/?s={search_term_string}"},"query-input":{"@type":"PropertyValueSpecification","valueRequired":true,"valueName":"search_term_string"}}],"inLanguage":"es"},{"@type":"Organization","@id":"https:\/\/topesqui.es\/#organization","name":"TopEsqui","url":"https:\/\/topesqui.es\/","logo":{"@type":"ImageObject","inLanguage":"es","@id":"https:\/\/topesqui.es\/#\/schema\/logo\/image\/","url":"https:\/\/topesqui.es\/wp-content\/uploads\/2024\/09\/cropped-cropped-Logo-TopEsqui.png","contentUrl":"https:\/\/topesqui.es\/wp-content\/uploads\/2024\/09\/cropped-cropped-Logo-TopEsqui.png","width":500,"height":238,"caption":"TopEsqui"},"image":{"@id":"https:\/\/topesqui.es\/#\/schema\/logo\/image\/"}}]}},"uagb_featured_image_src":{"full":false,"thumbnail":false,"medium":false,"medium_large":false,"large":false,"1536x1536":false,"2048x2048":false,"mailpoet_newsletter_max":false},"uagb_author_info":{"display_name":"topesqui.es","author_link":"https:\/\/topesqui.es\/?author=1"},"uagb_comment_info":0,"uagb_excerpt":"Es muy importante conocerse a uno mismo y saber que nivel tenemos tanto de esqu\u00ed como de snowboard, tanto para nosotros mismos como para poder facilitar esta informaci\u00f3n al profesor y que tenga una sesi\u00f3n planificada que se adapte a cada nivel. Comprueba tus logros con la siguiente tabla y podr\u00e1s descubrir qu\u00e9 nivel tienes&hellip;","_links":{"self":[{"href":"https:\/\/topesqui.es\/index.php?rest_route=\/wp\/v2\/pages\/280","targetHints":{"allow":["GET"]}}],"collection":[{"href":"https:\/\/topesqui.es\/index.php?rest_route=\/wp\/v2\/pages"}],"about":[{"href":"https:\/\/topesqui.es\/index.php?rest_route=\/wp\/v2\/types\/page"}],"author":[{"embeddable":true,"href":"https:\/\/topesqui.es\/index.php?rest_route=\/wp\/v2\/users\/1"}],"replies":[{"embeddable":true,"href":"https:\/\/topesqui.es\/index.php?rest_route=%2Fwp%2Fv2%2Fcomments&post=280"}],"version-history":[{"count":1,"href":"https:\/\/topesqui.es\/index.php?rest_route=\/wp\/v2\/pages\/280\/revisions"}],"predecessor-version":[{"id":282,"href":"https:\/\/topesqui.es\/index.php?rest_route=\/wp\/v2\/pages\/280\/revisions\/282"}],"wp:attachment":[{"href":"https:\/\/topesqui.es\/index.php?rest_route=%2Fwp%2Fv2%2Fmedia&parent=280"}],"curies":[{"name":"wp","href":"https:\/\/api.w.org\/{rel}","templated":true}]}}